*m. Let u(d) = 26*d + 1. Calculate the remainder when u(1) is divided by m.
13
Let v be 1 + (-2 - -1) + -1. Let a = 73 + -72. Calculate the remainder when 1 is divided by (-5)/(-10)*(a - v).
0
Let r(o) = 2*o - 4. Calculate the remainder when 19 is divided by r(5).
1
Suppose 3*v = 2*v + 4. What is the remainder when ((-1)/2)/((-2)/v) is divided by 1?
0
Let g = 108 + -58. Suppose 0 = -o - 0*d + 5*d - 19, 0 = 5*o + 4*d - g. What is the remainder when 22 is divided by o?
4
Let a = 41 - 11. Let j = -3 - -14. What is the remainder when a is divided by j?
8
Let z(x) = 6*x + 78. What is the remainder when 105 is divided by z(-11)?
9
Suppose -35 = 6*h - 197. Calculate the remainder when ((-4)/(-2))/(2/53) is divided by h.
26
Let a(u) = -u**3 - 10*u**2 - 11*u - 9. Let z be (5 + -1)*(-11)/(-4). Let m = -20 + z. What is the remainder when 25 is divided by a(m)?
7
Let r = 31 + -25. Suppose 13 = 5*n + 3*b, 3*b = -n - 0*b + 5. What is the remainder when (-2)/2 + 15 + n is divided by r?
4
Suppose -5 = -h - 0*h, 5*o = -4*h - 25. Let v = o - -13. Calculate the remainder when (-2)/(-6) + (-17)/(-3) is divided by v.
2
Suppose w + 3 = 5. Let y = w - -3. Suppose 0 = -l + 16 - 2. Calculate the remainder when l is divided by y.
4
Let n = -4 + 7. What is the remainder when 9 is divided by n?
0
Suppose -54 = 5*o - 334. Calculate the remainder when 221 is divided by o.
53
Let t = 9 - 6. Suppose g - 2*d = 10 + t, -3*g + 31 = -4*d. Let j = 3 + 10. Calculate the remainder when j is divided by g.
3
Let a = -26 + -9. Let o = -18 - a. Calculate the remainder when o is divided by 9.
8
Suppose -3*r = r - 288. What is the remainder when r is divided by 15?
12
Suppose 0*i = -3*i + 18. Let h = i + 1. Calculate the remainder when 18 is divided by h.
4
Let h = -15 - -23. Let f(v) = 0 + v - 9*v - v**3 - 7*v**2 + 2. Calculate the remainder when f(-6) is divided by h.
6
Let f = -3 + 11. Let t(z) = -z**2 + 8*z + 5. Let k be t(f). Suppose -18 = k*n - 98. Calculate the remainder when n is divided by 9.
7
Let z(o) = 0*o**2 + 5*o - 3 - 7*o**2 + o**3 + 4*o. Calculate the remainder when 28 is divided by z(6).
13
Let v(w) = 0 - 2 - 2*w + 9*w. What is the remainder when 55 is divided by v(3)?
17
Suppose l = -4*y + 3 + 1, 2*l = -2*y + 32. Calculate the remainder when 39 is divided by l.
19
Suppose -6*h + 183 - 33 = 0. What is the remainder when 97 is divided by h?
22
Suppose 8 + 10 = 3*s. Let l = 1 + 4. Calculate the remainder when (-4)/s + (-58)/(-6) is divided by l.
4
Suppose 2*l = 3*o - 37, -5 + 3 = 2*o + 4*l. What is the remainder when 70 is divided by o?
7
Let z = -4 - -8. Suppose -z*b - 4 = -24. Let c(o) = 4*o - 7. Calculate the remainder when c(b) is divided by 7.
6
Suppose 8 = 3*c + 59. Let l = c - -31. Calculate the remainder when 40 is divided by l.
12
Suppose -5*m + 2*w + 176 = 0, 3*m + 32 = -4*w + 122. Calculate the remainder when 135 is divided by m.
33
Suppose -20 - 14 = -p. What is the remainder when p is divided by 18*(-1)/(3/(-2))?
10
Let j = -10 + 15. Suppose -4 - 86 = -j*z. Suppose -6 + z = 2*x. Calculate the remainder when 11 is divided by x.
5
Suppose -m - m + 158 = 4*t, 3*m + 96 = 3*t. What is the remainder when t is divided by 13?
11
Let n(y) = y**3 - 3*y**2 + 2*y - 5. Calculate the remainder when n(4) is divided by (3 - (-16)/(-6))*30.
9
Let p(i) = -20*i - 1. Let r(m) = m**3 - 7*m**2 + 9*m - 11. What is the remainder when p(-1) is divided by r(6)?
5
Let t be 8/(-6)*12/(-8). Suppose 33 = 2*g - u - t*u, g + 5*u + 16 = 0. What is the remainder when 33 is divided by g?
6
Let h(p) = 4*p - 9. Calculate the remainder when 36 is divided by h(7).
17
Suppose -a + 1 = -8. Calculate the remainder when ((-5)/4)/((-3)/60) is divided by a.
7
Suppose -2*p + 24 = 5*d, 2*p - 3*d + 22 = 7*p. Calculate the remainder when 7 is divided by p.
1
Let r be 1*(2 + -3 + -2). What is the remainder when (-14)/(-1) - r/(-3) is divided by (-4)/14 - 74/(-14)?
3
Suppose 3*r = 7*r - 296. Suppose -3*w - 2*x + 59 = 0, -25 + 86 = 3*w + 4*x. Calculate the remainder when r is divided by w.
17
Let b be (-2)/(3/9*2). Let w be 0 - 2/b*3. What is the remainder when w + (-1 - -2 - -8) is divided by 6?
5
Let y(m) = m**3 + 20*m**2 - 20*m + 51. Suppose -32 = 5*c - 112. What is the remainder when y(-21) is divided by c?
14
Let f = 20 + -14. Let l = 23 - 16. Calculate the remainder when (-4)/(-14) + 75/l is divided by f.
5
Suppose 5*w + 1912 = 13*w. What is the remainder when w is divided by 40?
39
Let c = 276 + -67. Calculate the remainder when c is divided by 15.
14
Let m = -93 - -166. Suppose 0 = -v + 5*v - 100. What is the remainder when m is divided by v?
23
Suppose -5*l = 4*z - 133, l = 3*l - 4*z - 42. Let m be (18 - -4)*1/2. Let d = 18 - m. Calculate the remainder when l is divided by d.
4
Let w = -7 + 18. Let x be 2*34/4*w. Suppose 0 = -2*p + 6*p - c - x, -2*p + 97 = 3*c. Calculate the remainder when p is divided by 16.
15
Let z(w) = -w**2 - 11*w + 8. Calculate the remainder when z(-9) is divided by 10.
6
Suppose -7*q + 9 + 5 = 0. Suppose 0*m - m + 5*v = q, 3*m - 58 = -v. What is the remainder when 33 is divided by m?
15
Suppose 5*v - 129 = 2*v + 5*i, i = v - 43. What is the remainder when v is divided by 15?
13
Suppose -52 + 195 = 2*x - 5*o, -5*x - 2*o = -314. Let q = 52 - 30. What is the remainder when x is divided by q?
20
Let n(o) = -2*o**3 - 3*o**2 - 5*o - 5. What is the remainder when (-2)/(-1) - (-32 - 1) is divided by n(-2)?
8
Suppose 0 = -2*f - 3*f + 110. Calculate the remainder when 43 is divided by f.
21
Suppose -80 = -2*c + 2*y, 0 = -3*c + 4*y - 2*y + 124. Let d = c - 9. Calculate the remainder when d is divided by 12.
11
Let m be 2/(1*(-3)/(-6)). Let q(x) = 4*x**2 - 3. What is the remainder when q(m) is divided by 16?
13
Let w(y) = -6*y - 19. What is the remainder when w(-6) is divided by 10?
7
Suppose 2*f - 5*c = 27, -2*c + 54 = 2*f + 2*c. Let m = f + -13. What is the remainder when 14 is divided by m?
6
Let o(b) = -1 - b**3 + 1 - 3*b - 3 + 4*b - 5*b**2. Calculate the remainder when o(-6) is divided by 14.
13
Suppose -c - 2*w = -0*w - 58, w - 128 = -2*c. Suppose 4*h = 2*d + 88, 0 = -2*h - h + 4*d + c. What is the remainder when h is divided by 6?
4
Suppose 2*d - 183 = -11*h + 14*h, 4*h + 20 = 0. Calculate the remainder when d is divided by 22.
18
Let p(l) = -l**3 + 8*l**2 - 5*l - 7. What is the remainder when p(6) is divided by 23?
12
Suppose 24 = 3*y - y. Let x = -6 + y. What is the remainder when 15 is divided by x?
3
Let p = -15 + 32. Calculate the remainder when 49 is divided by p.
15
Let r(h) = -2*h + 43. What is the remainder when r(-14) is divided by 15?
11
Let z = -11 + 5. Let k = z + 8. Suppose 0 = -5*d + 4*t + 11, -d + k*t = -3*d + 8. Calculate the remainder when 7 is divided by d.
1
Let b(w) = -1. Let m(r) = r**2 + 10*r + 5. Let p(t) = -5*b(t) + m(t). What is the remainder when 28 is divided by p(-10)?
8
Let w(f) be the first derivative of -f**2 - 6*f + 3. Let z be w(-6). What is the remainder when 5 is divided by 10/(-2)*z/(-15)?
1
Let i(g) = 42*g**3 - g**2 + 1. What is the remainder when i(1) is divided by 15?
12
Suppose -2*k - 20 = 2*z, -5*k - 3 = z - 1. Let x(p) = -2*p - 1. Calculate the remainder when x(z) is divided by 8.
7
Suppose -6*y - 54 = -2*h - 2*y, 3*y = 4*h - 108. Suppose 0 = -5*a + h + 18. What is the remainder when 25 is divided by a?
7
Let y(w) = 24*w**2 + w + 1. Calculate the remainder when y(-2) is divided by 18/1 + 2 + 16/4.
23
Suppose 3*p - p + 4 = 0. Let u(v) = 2*v**2 + 3*v + 3. Let l be u(p). Let i(a) = a**3 - 4*a**2 - 4*a + 2. What is the remainder when 12 is divided by i(l)?
5
Let w(i) = -i**3 - 4*i**2 + 3*i + 6. Let r = -245 + 275. What is the remainder when r is divided by w(-5)?
14
Suppose 2*t + 2*z = -12, -3*z = -2*t + 6*t + 23. Let p be 1/t + 2044/20. Suppose 0*q - 3*q + p = 0. Calculate the remainder when q is divided by 18.
16
Suppose -16 = -2*r + 16. What is the remainder when r is divided by 6?
4
Let o(w) = -w**3 + 10*w**2 - 8*w + 2. What is the remainder when 5 + -3 + 4*10 is divided by o(9)?
9
Let r = 93 - 66. What is the remainder when r is divided by 15?
12
Let d(h) = h**2 + 8*h - 12. Let n = -27 + 17. Calculate the remainder when 13 is divided by d(n).
5
Suppose 3 = 2*o + 1. Suppose 3*h - o = 11. What is the remainder when h is divided by 2?
0
L